562423?
173, 3251
What are the prime factors of 850705?
5, 170141
List the prime factors of 663382.
2, 331691
List the prime factors of 20701917.
3, 191, 12043
What are the prime factors of 2685453?
3, 895151
What are the prime factors of 2278158?
2, 3, 379693
What are the prime factors of 1570524?
2, 3, 29, 4513
List the prime factors of 417242.
2, 7, 29803
List the prime factors of 2673163.
971, 2753
What are the prime factors of 2979705?
3, 5, 198647
What are the prime factors of 882814?
2, 71, 6217
What are the prime factors of 1191615?
3, 5, 17, 4673
What are the prime factors of 109938?
2, 3, 73, 251
What are the prime factors of 282443?
7, 157, 257
List the prime factors of 26215437.
3, 1609, 5431
List the prime factors of 9442105.
5, 1888421
List the prime factors of 1718005.
5, 343601
List the prime factors of 2972269.
2972269
What are the prime factors of 21940063?
21940063
List the prime factors of 1413014.
2, 706507
What are the prime factors of 33256572?
2, 3, 2771381
What are the prime factors of 3300161?
61, 54101
List the prime factors of 1225924.
2, 7, 43783
List the prime factors of 151557.
3, 7, 1031
List the prime factors of 6493949.
7, 11, 17, 41
What are the prime factors of 12664463?
7, 1809209
What are the prime factors of 8564106?
2, 3, 29, 83, 593
List the prime factors of 1756471.
1756471
What are the prime factors of 914911?
43, 21277
List the prime factors of 9305681.
7, 11, 17, 7109
List the prime factors of 8410840.
2, 5, 37, 5683
What are the prime factors of 487232?
2, 23, 331
List the prime factors of 9842077.
7, 1406011
What are the prime factors of 933520?
2, 5, 7, 1667
What are the prime factors of 250562?
2, 13, 23, 419
List the prime factors of 4890781.
7, 17, 73, 563
List the prime factors of 354362.
2, 163, 1087
What are the prime factors of 329889?
3, 7, 23, 683
What are the prime factors of 1060779?
3, 347, 1019
List the prime factors of 8852112.
2, 3, 31, 661
What are the prime factors of 84335?
5, 101, 167
What are the prime factors of 156153?
3, 52051
List the prime factors of 116312.
2, 7, 31, 67
List the prime factors of 855311.
855311
What are the prime factors of 1085163?
3, 23, 15727
What are the prime factors of 1284412?
2, 23, 607
What are the prime factors of 39218?
2, 19609
What are the prime factors of 653433?
3, 11, 19801
List the prime factors of 2251551.
3, 750517
What are the prime factors of 2247287?
7, 45863
List the prime factors of 191423.
107, 1789
What are the prime factors of 11031536?
2, 23, 31, 967
What are the prime factors of 521356?
2, 11, 17, 41
What are the prime factors of 37191?
3, 7, 11, 23
List the prime factors of 105610.
2, 5, 59, 179
List the prime factors of 49986.
2, 3, 2777
List the prime factors of 283971.
3, 103, 919
What are the prime factors of 1323622?
2, 53, 12487
What are the prime factors of 201399?
3, 11, 17, 359
What are the prime factors of 32843167?
7, 17, 29, 31, 307
What are the prime factors of 15571973?
181, 227, 379
What are the prime factors of 678581?
678581
What are the prime factors of 9614348?
2, 2403587
What are the prime factors of 217874?
2, 41, 2657
What are the prime factors of 221054?
2, 110527
What are the prime factors of 892171?
7, 127453
What are the prime factors of 1281403?
211, 6073
List the prime factors of 1476873.
3, 18233
What are the prime factors of 308934?
2, 3, 1907
What are the prime factors of 3515340?
2, 3, 5, 41, 1429
What are the prime factors of 31341?
3, 31, 337
What are the prime factors of 645717?
3, 215239
What are the prime factors of 2150160?
2, 3, 5, 17, 31
List the prime factors of 675374.
2, 7, 19, 2539
List the prime factors of 293165.
5, 17, 3449
List the prime factors of 5390123.
37, 145679
List the prime factors of 997942.
2, 11, 45361
What are the prime factors of 999476?
2, 19, 13151
What are the prime factors of 4036972?
2, 1009243
What are the prime factors of 66376?
2, 8297
List the prime factors of 29306.
2, 14653
List the prime factors of 2081748.
2, 3, 283, 613
What are the prime factors of 9800864?
2, 163, 1879
List the prime factors of 126877.
71, 1787
What are the prime factors of 7810882?
2, 3905441
What are the prime factors of 15088720?
2, 5, 188609
List the prime factors of 22447704.
2, 3, 241, 3881
What are the prime factors of 1191256?
2, 11, 13537
What are the prime factors of 262118?
2, 131059
What are the prime factors of 23080264?
2, 73, 39521
List the prime factors of 5231843.
5231843
What are the prime factors of 117226?
2, 58613
What are the prime factors of 245793?
3, 81931
List the prime factors of 8761284.
2, 3, 7, 3863
What are the prime factors of 17589?
3, 11, 13, 41
What are the prime factors of 1165584?
2, 3, 7, 3469
What are the prime factors of 114655?
5, 23, 997
What are the prime factors of 108026?
2, 54013
What are the prime factors of 258255?
3, 5, 1913
What are the prime factors of 6701736?
2, 3, 37, 7547
What are the prime factors of 14608211?
47, 67, 4639
List the prime factors of 145733.
7, 109, 191
What are the prime factors of 1336472?
2, 17, 31, 317
List the prime factors of 1935675.
3, 5, 7, 1229
List the prime factors of 1448676.
2, 3, 40241
What are the prime factors of 2671408?
2, 103, 1621
List the prime factors of 368018.
2, 7, 97, 271
List the prime factors of 215330.
2, 5, 61, 353
List the prime factors of 18929.
23, 823
What are the prime factors of 2887335?
3, 5, 11, 19, 307
List the prime factors of 49059.
3, 23, 79
List the prime factors of 6876502.
2, 113, 30427
What are the prime factors of 83920?
2, 5, 1049
What are the prime factors of 383278?
2, 7, 3911
List the prime factors of 152619.
3, 50873
What are the prime factors of 476384?
2, 14887
What are the prime factors of 6569081?
1871, 3511
What are the prime factors of 20418645?
3, 5, 13, 104711
What are the prime factors of 552630?
2, 3, 5, 13, 109
What are the prime factors of 1041208?
2, 7, 18593
What are the prime factors of 211619?
211619
What are the prime factors of 1669070?
2, 5, 13, 37, 347
What are the prime factors of 362261?
193, 1877
What are the prime factors of 6568641?
3, 211, 1153
List the prime factors of 1920754.
2, 11, 7937
List the prime factors of 4619098.
2, 11, 209959
List the prime factors of 43533.
3, 7, 691
List the prime factors of 7397226.
2, 3, 61, 6737
List the prime factors of 1117223.
17, 65719
List the prime factors of 123086.
2, 61543
What are the prime factors of 730904?
2, 211, 433
What are the prime factors of 214083?
3, 881
What are the prime factors of 16514459?
13, 1270343
What are the prime factors of 191133?
3, 7079
List the prime factors of 890921.
101, 8821
List the prime factors of 2533284.
2, 3, 13, 5413
What are the prime factors of 1378860?
2, 3, 5, 7, 67
What are the prime factors of 11273945?
5, 2254789
What are the prime factors of 471548?
2, 7, 11, 1531
List the prime factors of 596705.
5, 131, 911
What are the prime factors of 110286?
2, 3, 11, 557
List the prime factors of 81331.
81331
List the prime factors of 14756.
2, 7, 17, 31
List the prime factors of 5438314.
2, 7, 211, 263
What are the prime factors of 1121702?
2, 47, 11933
List the prime factors of 31594818.
2, 3, 37, 142319
List the prime factors of 2954813.
617, 4789
List the prime factors of 1214289.
3, 134921
What are the prime factors of 117440?
2, 5, 367
List the prime factors of 185093.
271, 683
What are the prime factors of 1117049?
47, 23767
List the prime factors of 1393881.
3, 17, 151, 181
What are the prime factors of 6560540?
2, 5, 7, 46861
What are the prime factors of 199814?
2, 99907
What are the prime factors of 6667594?
2, 19, 175463
List the prime factors of 26113288.
2, 3264161
What are the prime factors of 6481447?
7, 925921
List the prime factors of 1438487.
29, 49603
List the prime factors of 1669730.
2, 5, 166973
What are the prime factors of 635943?
3, 7, 11, 2753
What are the prime factors of 446558?
2, 7, 167, 191
What are the prime factors of 960386?
2, 7, 181, 379
List the prime factors of 22299356.
2, 1459, 3821
List the prime factors of 145253.
145253
What are the prime factors of 32788217?
7, 11, 38711
What are the prime factors of 16492182?
2, 3, 7, 211, 1861
What are the prime factors of 3377604?
2, 3, 67, 4201
What are the prime factors 